{"id":43,"date":"2021-04-13T14:00:36","date_gmt":"2021-04-13T14:00:36","guid":{"rendered":"https:\/\/heilpraktiker-im-hafenbad.de\/?page_id=43"},"modified":"2021-04-14T09:57:28","modified_gmt":"2021-04-14T09:57:28","slug":"anfahrt","status":"publish","type":"page","link":"https:\/\/heilpraktiker-im-hafenbad.de\/?page_id=43","title":{"rendered":"Anfahrt"},"content":{"rendered":"\n<p>Hafenbad 27   \/   89073 Ulm    (gleich hinter dem M\u00fcnster)<\/p>\n\n\n\n<p>1. OG   \/   bei &#8222;Heilpraktiker&#8220; schellen<\/p>\n\n\n\n<p>Parkh\u00e4user, Stra\u00dfenbahnhaltestelle und nette Cafes direkt in der N\u00e4he <\/p>\n","protected":false},"excerpt":{"rendered":"<p>Hafenbad 27 \/ 89073 Ulm (gleich hinter dem M\u00fcnster) 1. OG \/ bei &#8222;Heilpraktiker&#8220; schellen Parkh\u00e4user, Stra\u00dfenbahnhaltestelle und nette Cafes direkt in der N\u00e4he<\/p>\n","protected":false},"author":1,"featured_media":0,"parent":0,"menu_order":0,"comment_status":"closed","ping_status":"closed","template":"","meta":{"footnotes":""},"class_list":["post-43","page","type-page","status-publish","hentry"],"_links":{"self":[{"href":"https:\/\/heilpraktiker-im-hafenbad.de\/index.php?rest_route=\/wp\/v2\/pages\/43","targetHints":{"allow":["GET"]}}],"collection":[{"href":"https:\/\/heilpraktiker-im-hafenbad.de\/index.php?rest_route=\/wp\/v2\/pages"}],"about":[{"href":"https:\/\/heilpraktiker-im-hafenbad.de\/index.php?rest_route=\/wp\/v2\/types\/page"}],"author":[{"embeddable":true,"href":"https:\/\/heilpraktiker-im-hafenbad.de\/index.php?rest_route=\/wp\/v2\/users\/1"}],"replies":[{"embeddable":true,"href":"https:\/\/heilpraktiker-im-hafenbad.de\/index.php?rest_route=%2Fwp%2Fv2%2Fcomments&post=43"}],"version-history":[{"count":3,"href":"https:\/\/heilpraktiker-im-hafenbad.de\/index.php?rest_route=\/wp\/v2\/pages\/43\/revisions"}],"predecessor-version":[{"id":123,"href":"https:\/\/heilpraktiker-im-hafenbad.de\/index.php?rest_route=\/wp\/v2\/pages\/43\/revisions\/123"}],"wp:attachment":[{"href":"https:\/\/heilpraktiker-im-hafenbad.de\/index.php?rest_route=%2Fwp%2Fv2%2Fmedia&parent=43"}],"curies":[{"name":"wp","href":"https:\/\/api.w.org\/{rel}","templated":true}]}}